{"id":3698,"date":"2015-06-08T09:09:05","date_gmt":"2015-06-08T09:09:05","guid":{"rendered":"http:\/\/einhorn-duesseldorf.de\/?page_id=3698"},"modified":"2018-08-08T22:39:46","modified_gmt":"2018-08-08T20:39:46","slug":"one-page","status":"publish","type":"page","link":"https:\/\/einhorn-duesseldorf.de\/","title":{"rendered":"One Page"},"content":{"rendered":"<div  class=\"one withsmallpadding ppb_text\" style=\"padding:30px 0 30px 0;\" >\n<div class=\"standard_wrapper\">\n<div class=\"page_content_wrapper\">\n<div class=\"inner\">\n<div style=\"margin:auto;width:100%\">\n<div style=\"font-size: 30px; text-transform: uppercase; letter-spacing: -1px; font-weight: 300;\">Liebe G\u00e4ste, herzlich Willkommen<\/div>\n<div class=\"post_detail\">www.einhorn-duesseldorf.de<\/div>\n<p><span style=\"font-family: Kristi; font-size: 40px; font-weight: 600;\">Zum goldenen Einhorn<\/span><\/p>\n<\/div>\n<\/div>\n<\/div>\n<\/div>\n<\/div>\n<div  class=\"one\" style=\"position:relative;padding:0px 0 0px 0;\" >\n<div class=\"standard_wrapper\">\n<div class=\"page_content_wrapper\">\n<div class=\"inner\">\n<div class=\"one_half parallax_scroll\" style=\"width:50%;position:absolute;left:90px;padding:0px;z-index:2;block !important;background:#fff;\" data-stellar-ratio=\"1.3\">\n<h2 class=\"ppb_title\" ><span class=\"ppb_title_first\" >Liebe<\/span>G\u00e4ste<\/h2>\n<div class=\"page_header_sep left\" ><\/div>\n<p class=\"p1\">Mitten im Zentrum der Ratinger Stra\u00dfe besticht das Traditionslokal \u201eEinhorn\u201c durch seinen unverwechselbaren Charme. Hier kann man (fast) rund um die Uhr die unterschiedlichsten Menschen antreffen.<\/p>\n<p class=\"p1\">Beginnen kann man den Tag mit einer Auswahl an verschiedenen Fr\u00fchst\u00fccksangeboten, dabei in Ruhe den Kaffee genie\u00dfen und Zeitung lesen auf der Terrasse, im Biergarten oder im gem\u00fctlich rustikalen Gastraum.<\/p>\n<p class=\"p1\">Ab Mittag ist die K\u00fcche bis 22.30Uhr durchgehend ge\u00f6ffnet und bietet neben den Angeboten der Karte auch t\u00e4glich wechselnde Gerichte von der Tageskarte: Salate, Pasta, Deftiges und mehr\u2026<\/p>\n<\/div>\n<div class=\"one_half parallax_scroll_image last\" style=\"width:50%;\"><\/div>\n<p><br class=\"clear\"\/><\/div>\n<\/div>\n<\/div>\n<\/div>\n<div  class=\"one\" style=\"position:relative;padding:0px 0 0px 0;\" >\n<div class=\"standard_wrapper\">\n<div class=\"page_content_wrapper\">\n<div class=\"inner\">\n<div class=\"one_half parallax_scroll\" style=\"width:50%;position:absolute;left:90px;padding:0px;z-index:2;block !important;background:#fff;\" data-stellar-ratio=\"1.3\">\n<h2 class=\"ppb_title\" ><span class=\"ppb_title_first\" >einzigartiger<\/span>Genuss<\/h2>\n<div class=\"page_header_sep left\" ><\/div>\n<p class=\"p1\">Am Wochenende sollte sich der Gast zwischen den frisch gebackenen Kuchen entscheiden k\u00f6nnen, was bei dem Angebot oft schwer f\u00e4llt!<\/p>\n<p class=\"p1\">Abends trifft man sich gerne bei einem Glas Wein, einem k\u00fchlen Bier oder einem leckerem Cocktail im \u201eEinhorn\u201c. Hier kommen ebenfalls alle Feierwilligen voll auf ihre Kosten.<\/p>\n<p class=\"p1\">Wer etwas zu Feiern hat und richtig feiern m\u00f6chte, der sollte sich am besten fr\u00fchzeitig um eine Reservierung k\u00fcmmern.<\/p>\n<\/div>\n<div class=\"one_half parallax_scroll_image last\" style=\"width:50%;\"><\/div>\n<p><br class=\"clear\"\/><\/div>\n<\/div>\n<\/div>\n<\/div>\n<div  class=\"one\" style=\"position:relative;padding:0px 0 0px 0;\" >\n<div class=\"standard_wrapper\">\n<div class=\"page_content_wrapper\">\n<div class=\"inner\">\n<div class=\"one_half parallax_scroll\" style=\"width:50%;position:absolute;left:90px;padding:0px;z-index:2;block !important;background:#fff;\" data-stellar-ratio=\"1.3\">\n<h2 class=\"ppb_title\" ><span class=\"ppb_title_first\" >einzigartiger<\/span>Genuss<\/h2>\n<div class=\"page_header_sep left\" ><\/div>\n<p class=\"p1\">Am Wochenende sollte sich der Gast zwischen den frisch gebackenen Kuchen entscheiden k\u00f6nnen, was bei dem Angebot oft schwer f\u00e4llt!<\/p>\n<p class=\"p1\">Abends trifft man sich gerne bei einem Glas Wein, einem k\u00fchlen Bier oder einem leckerem Cocktail im \u201eEinhorn\u201c. Hier kommen ebenfalls alle Feierwilligen voll auf ihre Kosten.<\/p>\n<p class=\"p1\">Wer etwas zu Feiern hat und richtig feiern m\u00f6chte, der sollte sich am besten fr\u00fchzeitig um eine Reservierung k\u00fcmmern.<\/p>\n<\/div>\n<div class=\"one_half parallax_scroll_image last\" style=\"width:50%;\"><\/div>\n<p><br class=\"clear\"\/><\/div>\n<\/div>\n<\/div>\n<\/div>\n<div  class=\"one\" style=\"padding:0px 0 0px 0;\" >\n<div class=\"standard_wrapper\">\n<div class=\"page_content_wrapper\">\n<div class=\"inner\">\n<h2 class=\"ppb_menu_title\" >Fr\u00fchst\u00fcck<\/h2>\n<p><br class=\"clear\"\/><\/p>\n<div class=\"one \">\n<div id=\"menu_4359\" class=\"menu_content_classic\">\n<h5 class=\"menu_post\">\n\t\t        \t<span class=\"menu_title\">Gratinierter Ziegenk\u00e4se<\/span><br \/>\n\t\t        \t<span class=\"menu_dots\"><\/span><span class=\"menu_price\">\u20ac9,90<\/span><\/h5>\n<div class=\"post_detail menu_excerpt\">auf Toast<\/div>\n<\/div><\/div>\n<div class=\"one \">\n<div id=\"menu_3172\" class=\"menu_content_classic\">\n<h5 class=\"menu_post\">\n\t\t        \t<span class=\"menu_title\">Pork Tenderloin marinated in Yogurt<\/span><br \/>\n\t\t        \t<span class=\"menu_dots\"><\/span><span class=\"menu_price\">$20<\/span><\/h5>\n<div class=\"post_detail menu_excerpt\">Pork \/ Tenderloin \/ Yogurt<\/div>\n<\/div><\/div>\n<div class=\"one \">\n<div id=\"menu_3173\" class=\"menu_content_classic\">\n<h5 class=\"menu_post\">\n\t\t        \t<span class=\"menu_title\">Grilled Pork with Preserved Lemons<\/span><br \/>\n\t\t        \t<span class=\"menu_dots\"><\/span><span class=\"menu_price\">$22<\/span><\/h5>\n<div class=\"post_detail menu_excerpt\">Pork \/ Lemons \/ Onions<\/div>\n<div class=\"menu_highlight\"><i class=\"fa fa-star\"><\/i><\/div>\n<\/div><\/div>\n<div class=\"one \">\n<div id=\"menu_3174\" class=\"menu_content_classic\">\n<h5 class=\"menu_post\">\n\t\t        \t<span class=\"menu_title\">Lemon-Rosemary Chicken<\/span><br \/>\n\t\t        \t<span class=\"menu_dots\"><\/span><span class=\"menu_price\">$19.9<\/span><\/h5>\n<div class=\"post_detail menu_excerpt\">Chicken \/ Rosemary \/ Lemon<\/div>\n<\/div><\/div>\n<div class=\"one \">\n<div id=\"menu_3175\" class=\"menu_content_classic\">\n<h5 class=\"menu_post\">\n\t\t        \t<span class=\"menu_title\">Apple Smoked Chicken with White Sauce<\/span><br \/>\n\t\t        \t<span class=\"menu_dots\"><\/span><span class=\"menu_price\">$18.9<\/span><\/h5>\n<div class=\"post_detail menu_excerpt\">Chicken \/ Apple \/ Tomatos<\/div>\n<div class=\"menu_highlight\"><i class=\"fa fa-star\"><\/i><\/div>\n<\/div><\/div>\n<p><br class=\"clear\"\/><\/div>\n<\/div>\n<\/div>\n<\/div>\n<div  class=\"one\" style=\"padding:0px 0 0px 0;\" >\n<div class=\"standard_wrapper\">\n<div class=\"page_content_wrapper\">\n<div class=\"inner\">\n<h2 class=\"ppb_menu_title\" >Pasta<\/h2>\n<p><br class=\"clear\"\/><\/p>\n<div class=\"one \">\n<div id=\"menu_4359\" class=\"menu_content_classic\">\n<h5 class=\"menu_post\">\n\t\t        \t<span class=\"menu_title\">Gratinierter Ziegenk\u00e4se<\/span><br \/>\n\t\t        \t<span class=\"menu_dots\"><\/span><span class=\"menu_price\">\u20ac9,90<\/span><\/h5>\n<div class=\"post_detail menu_excerpt\">auf Toast<\/div>\n<\/div><\/div>\n<div class=\"one \">\n<div id=\"menu_3172\" class=\"menu_content_classic\">\n<h5 class=\"menu_post\">\n\t\t        \t<span class=\"menu_title\">Pork Tenderloin marinated in Yogurt<\/span><br \/>\n\t\t        \t<span class=\"menu_dots\"><\/span><span class=\"menu_price\">$20<\/span><\/h5>\n<div class=\"post_detail menu_excerpt\">Pork \/ Tenderloin \/ Yogurt<\/div>\n<\/div><\/div>\n<div class=\"one \">\n<div id=\"menu_3173\" class=\"menu_content_classic\">\n<h5 class=\"menu_post\">\n\t\t        \t<span class=\"menu_title\">Grilled Pork with Preserved Lemons<\/span><br \/>\n\t\t        \t<span class=\"menu_dots\"><\/span><span class=\"menu_price\">$22<\/span><\/h5>\n<div class=\"post_detail menu_excerpt\">Pork \/ Lemons \/ Onions<\/div>\n<div class=\"menu_highlight\"><i class=\"fa fa-star\"><\/i><\/div>\n<\/div><\/div>\n<div class=\"one \">\n<div id=\"menu_3174\" class=\"menu_content_classic\">\n<h5 class=\"menu_post\">\n\t\t        \t<span class=\"menu_title\">Lemon-Rosemary Chicken<\/span><br \/>\n\t\t        \t<span class=\"menu_dots\"><\/span><span class=\"menu_price\">$19.9<\/span><\/h5>\n<div class=\"post_detail menu_excerpt\">Chicken \/ Rosemary \/ Lemon<\/div>\n<\/div><\/div>\n<div class=\"one \">\n<div id=\"menu_3175\" class=\"menu_content_classic\">\n<h5 class=\"menu_post\">\n\t\t        \t<span class=\"menu_title\">Apple Smoked Chicken with White Sauce<\/span><br \/>\n\t\t        \t<span class=\"menu_dots\"><\/span><span class=\"menu_price\">$18.9<\/span><\/h5>\n<div class=\"post_detail menu_excerpt\">Chicken \/ Apple \/ Tomatos<\/div>\n<div class=\"menu_highlight\"><i class=\"fa fa-star\"><\/i><\/div>\n<\/div><\/div>\n<p><br class=\"clear\"\/><\/div>\n<\/div>\n<\/div>\n<\/div>\n<div  class=\"one\" style=\"padding:0px 0 0px 0;\" >\n<div class=\"standard_wrapper\">\n<div class=\"page_content_wrapper\">\n<div class=\"inner\">\n<h2 class=\"ppb_menu_title\" >Deftiges<\/h2>\n<p><br class=\"clear\"\/><\/p>\n<div class=\"one \">\n<div id=\"menu_4359\" class=\"menu_content_classic\">\n<h5 class=\"menu_post\">\n\t\t        \t<span class=\"menu_title\">Gratinierter Ziegenk\u00e4se<\/span><br \/>\n\t\t        \t<span class=\"menu_dots\"><\/span><span class=\"menu_price\">\u20ac9,90<\/span><\/h5>\n<div class=\"post_detail menu_excerpt\">auf Toast<\/div>\n<\/div><\/div>\n<div class=\"one \">\n<div id=\"menu_3172\" class=\"menu_content_classic\">\n<h5 class=\"menu_post\">\n\t\t        \t<span class=\"menu_title\">Pork Tenderloin marinated in Yogurt<\/span><br \/>\n\t\t        \t<span class=\"menu_dots\"><\/span><span class=\"menu_price\">$20<\/span><\/h5>\n<div class=\"post_detail menu_excerpt\">Pork \/ Tenderloin \/ Yogurt<\/div>\n<\/div><\/div>\n<div class=\"one \">\n<div id=\"menu_3173\" class=\"menu_content_classic\">\n<h5 class=\"menu_post\">\n\t\t        \t<span class=\"menu_title\">Grilled Pork with Preserved Lemons<\/span><br \/>\n\t\t        \t<span class=\"menu_dots\"><\/span><span class=\"menu_price\">$22<\/span><\/h5>\n<div class=\"post_detail menu_excerpt\">Pork \/ Lemons \/ Onions<\/div>\n<div class=\"menu_highlight\"><i class=\"fa fa-star\"><\/i><\/div>\n<\/div><\/div>\n<div class=\"one \">\n<div id=\"menu_3174\" class=\"menu_content_classic\">\n<h5 class=\"menu_post\">\n\t\t        \t<span class=\"menu_title\">Lemon-Rosemary Chicken<\/span><br \/>\n\t\t        \t<span class=\"menu_dots\"><\/span><span class=\"menu_price\">$19.9<\/span><\/h5>\n<div class=\"post_detail menu_excerpt\">Chicken \/ Rosemary \/ Lemon<\/div>\n<\/div><\/div>\n<div class=\"one \">\n<div id=\"menu_3175\" class=\"menu_content_classic\">\n<h5 class=\"menu_post\">\n\t\t        \t<span class=\"menu_title\">Apple Smoked Chicken with White Sauce<\/span><br \/>\n\t\t        \t<span class=\"menu_dots\"><\/span><span class=\"menu_price\">$18.9<\/span><\/h5>\n<div class=\"post_detail menu_excerpt\">Chicken \/ Apple \/ Tomatos<\/div>\n<div class=\"menu_highlight\"><i class=\"fa fa-star\"><\/i><\/div>\n<\/div><\/div>\n<p><br class=\"clear\"\/><\/div>\n<\/div>\n<\/div>\n<\/div>\n<div  class=\"one\" style=\"padding:0px 0 0px 0;\" >\n<div class=\"standard_wrapper\">\n<div class=\"page_content_wrapper\">\n<div class=\"inner\">\n<h2 class=\"ppb_menu_title\" >Salate<\/h2>\n<p><br class=\"clear\"\/><\/p>\n<div class=\"one \">\n<div id=\"menu_4359\" class=\"menu_content_classic\">\n<h5 class=\"menu_post\">\n\t\t        \t<span class=\"menu_title\">Gratinierter Ziegenk\u00e4se<\/span><br \/>\n\t\t        \t<span class=\"menu_dots\"><\/span><span class=\"menu_price\">\u20ac9,90<\/span><\/h5>\n<div class=\"post_detail menu_excerpt\">auf Toast<\/div>\n<\/div><\/div>\n<div class=\"one \">\n<div id=\"menu_3172\" class=\"menu_content_classic\">\n<h5 class=\"menu_post\">\n\t\t        \t<span class=\"menu_title\">Pork Tenderloin marinated in Yogurt<\/span><br \/>\n\t\t        \t<span class=\"menu_dots\"><\/span><span class=\"menu_price\">$20<\/span><\/h5>\n<div class=\"post_detail menu_excerpt\">Pork \/ Tenderloin \/ Yogurt<\/div>\n<\/div><\/div>\n<div class=\"one \">\n<div id=\"menu_3173\" class=\"menu_content_classic\">\n<h5 class=\"menu_post\">\n\t\t        \t<span class=\"menu_title\">Grilled Pork with Preserved Lemons<\/span><br \/>\n\t\t        \t<span class=\"menu_dots\"><\/span><span class=\"menu_price\">$22<\/span><\/h5>\n<div class=\"post_detail menu_excerpt\">Pork \/ Lemons \/ Onions<\/div>\n<div class=\"menu_highlight\"><i class=\"fa fa-star\"><\/i><\/div>\n<\/div><\/div>\n<div class=\"one \">\n<div id=\"menu_3174\" class=\"menu_content_classic\">\n<h5 class=\"menu_post\">\n\t\t        \t<span class=\"menu_title\">Lemon-Rosemary Chicken<\/span><br \/>\n\t\t        \t<span class=\"menu_dots\"><\/span><span class=\"menu_price\">$19.9<\/span><\/h5>\n<div class=\"post_detail menu_excerpt\">Chicken \/ Rosemary \/ Lemon<\/div>\n<\/div><\/div>\n<div class=\"one \">\n<div id=\"menu_3175\" class=\"menu_content_classic\">\n<h5 class=\"menu_post\">\n\t\t        \t<span class=\"menu_title\">Apple Smoked Chicken with White Sauce<\/span><br \/>\n\t\t        \t<span class=\"menu_dots\"><\/span><span class=\"menu_price\">$18.9<\/span><\/h5>\n<div class=\"post_detail menu_excerpt\">Chicken \/ Apple \/ Tomatos<\/div>\n<div class=\"menu_highlight\"><i class=\"fa fa-star\"><\/i><\/div>\n<\/div><\/div>\n<p><br class=\"clear\"\/><\/div>\n<\/div>\n<\/div>\n<\/div>\n<div  class=\"one\" style=\"padding:0px 0 0px 0;\" >\n<div class=\"standard_wrapper\">\n<div class=\"page_content_wrapper\">\n<div class=\"inner\">\n<h2 class=\"ppb_menu_title\" >Salate<\/h2>\n<p><br class=\"clear\"\/><\/p>\n<div class=\"one \">\n<div id=\"menu_4359\" class=\"menu_content_classic\">\n<h5 class=\"menu_post\">\n\t\t        \t<span class=\"menu_title\">Gratinierter Ziegenk\u00e4se<\/span><br \/>\n\t\t        \t<span class=\"menu_dots\"><\/span><span class=\"menu_price\">\u20ac9,90<\/span><\/h5>\n<div class=\"post_detail menu_excerpt\">auf Toast<\/div>\n<\/div><\/div>\n<div class=\"one \">\n<div id=\"menu_3172\" class=\"menu_content_classic\">\n<h5 class=\"menu_post\">\n\t\t        \t<span class=\"menu_title\">Pork Tenderloin marinated in Yogurt<\/span><br \/>\n\t\t        \t<span class=\"menu_dots\"><\/span><span class=\"menu_price\">$20<\/span><\/h5>\n<div class=\"post_detail menu_excerpt\">Pork \/ Tenderloin \/ Yogurt<\/div>\n<\/div><\/div>\n<div class=\"one \">\n<div id=\"menu_3173\" class=\"menu_content_classic\">\n<h5 class=\"menu_post\">\n\t\t        \t<span class=\"menu_title\">Grilled Pork with Preserved Lemons<\/span><br \/>\n\t\t        \t<span class=\"menu_dots\"><\/span><span class=\"menu_price\">$22<\/span><\/h5>\n<div class=\"post_detail menu_excerpt\">Pork \/ Lemons \/ Onions<\/div>\n<div class=\"menu_highlight\"><i class=\"fa fa-star\"><\/i><\/div>\n<\/div><\/div>\n<div class=\"one \">\n<div id=\"menu_3174\" class=\"menu_content_classic\">\n<h5 class=\"menu_post\">\n\t\t        \t<span class=\"menu_title\">Lemon-Rosemary Chicken<\/span><br \/>\n\t\t        \t<span class=\"menu_dots\"><\/span><span class=\"menu_price\">$19.9<\/span><\/h5>\n<div class=\"post_detail menu_excerpt\">Chicken \/ Rosemary \/ Lemon<\/div>\n<\/div><\/div>\n<div class=\"one \">\n<div id=\"menu_3175\" class=\"menu_content_classic\">\n<h5 class=\"menu_post\">\n\t\t        \t<span class=\"menu_title\">Apple Smoked Chicken with White Sauce<\/span><br \/>\n\t\t        \t<span class=\"menu_dots\"><\/span><span class=\"menu_price\">$18.9<\/span><\/h5>\n<div class=\"post_detail menu_excerpt\">Chicken \/ Apple \/ Tomatos<\/div>\n<div class=\"menu_highlight\"><i class=\"fa fa-star\"><\/i><\/div>\n<\/div><\/div>\n<p><br class=\"clear\"\/><\/div>\n<\/div>\n<\/div>\n<\/div>\n<div  class=\"one\" style=\"padding:0px 0 0px 0;\" >\n<div class=\"standard_wrapper\">\n<div class=\"page_content_wrapper\">\n<div class=\"inner\">\n<h2 class=\"ppb_menu_title\" >Salate<\/h2>\n<p><br class=\"clear\"\/><\/p>\n<div class=\"one \">\n<div id=\"menu_4359\" class=\"menu_content_classic\">\n<h5 class=\"menu_post\">\n\t\t        \t<span class=\"menu_title\">Gratinierter Ziegenk\u00e4se<\/span><br \/>\n\t\t        \t<span class=\"menu_dots\"><\/span><span class=\"menu_price\">\u20ac9,90<\/span><\/h5>\n<div class=\"post_detail menu_excerpt\">auf Toast<\/div>\n<\/div><\/div>\n<div class=\"one \">\n<div id=\"menu_3172\" class=\"menu_content_classic\">\n<h5 class=\"menu_post\">\n\t\t        \t<span class=\"menu_title\">Pork Tenderloin marinated in Yogurt<\/span><br \/>\n\t\t        \t<span class=\"menu_dots\"><\/span><span class=\"menu_price\">$20<\/span><\/h5>\n<div class=\"post_detail menu_excerpt\">Pork \/ Tenderloin \/ Yogurt<\/div>\n<\/div><\/div>\n<div class=\"one \">\n<div id=\"menu_3173\" class=\"menu_content_classic\">\n<h5 class=\"menu_post\">\n\t\t        \t<span class=\"menu_title\">Grilled Pork with Preserved Lemons<\/span><br \/>\n\t\t        \t<span class=\"menu_dots\"><\/span><span class=\"menu_price\">$22<\/span><\/h5>\n<div class=\"post_detail menu_excerpt\">Pork \/ Lemons \/ Onions<\/div>\n<div class=\"menu_highlight\"><i class=\"fa fa-star\"><\/i><\/div>\n<\/div><\/div>\n<div class=\"one \">\n<div id=\"menu_3174\" class=\"menu_content_classic\">\n<h5 class=\"menu_post\">\n\t\t        \t<span class=\"menu_title\">Lemon-Rosemary Chicken<\/span><br \/>\n\t\t        \t<span class=\"menu_dots\"><\/span><span class=\"menu_price\">$19.9<\/span><\/h5>\n<div class=\"post_detail menu_excerpt\">Chicken \/ Rosemary \/ Lemon<\/div>\n<\/div><\/div>\n<div class=\"one \">\n<div id=\"menu_3175\" class=\"menu_content_classic\">\n<h5 class=\"menu_post\">\n\t\t        \t<span class=\"menu_title\">Apple Smoked Chicken with White Sauce<\/span><br \/>\n\t\t        \t<span class=\"menu_dots\"><\/span><span class=\"menu_price\">$18.9<\/span><\/h5>\n<div class=\"post_detail menu_excerpt\">Chicken \/ Apple \/ Tomatos<\/div>\n<div class=\"menu_highlight\"><i class=\"fa fa-star\"><\/i><\/div>\n<\/div><\/div>\n<p><br class=\"clear\"\/><\/div>\n<\/div>\n<\/div>\n<\/div>\n<div  class=\"one\" style=\"padding:0px 0 0px 0;\" >\n<div class=\"standard_wrapper\">\n<div class=\"page_content_wrapper\">\n<div class=\"inner\">\n<h2 class=\"ppb_menu_title\" >Salate<\/h2>\n<p><br class=\"clear\"\/><\/p>\n<div class=\"one \">\n<div id=\"menu_4359\" class=\"menu_content_classic\">\n<h5 class=\"menu_post\">\n\t\t        \t<span class=\"menu_title\">Gratinierter Ziegenk\u00e4se<\/span><br \/>\n\t\t        \t<span class=\"menu_dots\"><\/span><span class=\"menu_price\">\u20ac9,90<\/span><\/h5>\n<div class=\"post_detail menu_excerpt\">auf Toast<\/div>\n<\/div><\/div>\n<div class=\"one \">\n<div id=\"menu_3172\" class=\"menu_content_classic\">\n<h5 class=\"menu_post\">\n\t\t        \t<span class=\"menu_title\">Pork Tenderloin marinated in Yogurt<\/span><br \/>\n\t\t        \t<span class=\"menu_dots\"><\/span><span class=\"menu_price\">$20<\/span><\/h5>\n<div class=\"post_detail menu_excerpt\">Pork \/ Tenderloin \/ Yogurt<\/div>\n<\/div><\/div>\n<div class=\"one \">\n<div id=\"menu_3173\" class=\"menu_content_classic\">\n<h5 class=\"menu_post\">\n\t\t        \t<span class=\"menu_title\">Grilled Pork with Preserved Lemons<\/span><br \/>\n\t\t        \t<span class=\"menu_dots\"><\/span><span class=\"menu_price\">$22<\/span><\/h5>\n<div class=\"post_detail menu_excerpt\">Pork \/ Lemons \/ Onions<\/div>\n<div class=\"menu_highlight\"><i class=\"fa fa-star\"><\/i><\/div>\n<\/div><\/div>\n<div class=\"one \">\n<div id=\"menu_3174\" class=\"menu_content_classic\">\n<h5 class=\"menu_post\">\n\t\t        \t<span class=\"menu_title\">Lemon-Rosemary Chicken<\/span><br \/>\n\t\t        \t<span class=\"menu_dots\"><\/span><span class=\"menu_price\">$19.9<\/span><\/h5>\n<div class=\"post_detail menu_excerpt\">Chicken \/ Rosemary \/ Lemon<\/div>\n<\/div><\/div>\n<div class=\"one \">\n<div id=\"menu_3175\" class=\"menu_content_classic\">\n<h5 class=\"menu_post\">\n\t\t        \t<span class=\"menu_title\">Apple Smoked Chicken with White Sauce<\/span><br \/>\n\t\t        \t<span class=\"menu_dots\"><\/span><span class=\"menu_price\">$18.9<\/span><\/h5>\n<div class=\"post_detail menu_excerpt\">Chicken \/ Apple \/ Tomatos<\/div>\n<div class=\"menu_highlight\"><i class=\"fa fa-star\"><\/i><\/div>\n<\/div><\/div>\n<p><br class=\"clear\"\/><\/div>\n<\/div>\n<\/div>\n<\/div>\n<div  class=\"one\" style=\"position:relative;padding:0px 0 0px 0;\" >\n<div class=\"standard_wrapper\">\n<div class=\"page_content_wrapper\">\n<div class=\"inner\">\n<div class=\"one_half parallax_scroll\" style=\"width:50%;position:absolute;left:90px;background:#fff;padding:0px;z-index:2;block !important;\" data-stellar-ratio=\"1.3\">\n<h2 class=\"ppb_title\" >Kontakt<\/h2>\n<div class=\"page_header_sep left\" ><\/div>\n<p>Telefon: +49 211 8 36 82 77<\/p>\n<p><strong>F\u00fcr Reservierungen, nutzen Sie bitte unser Reservierungsformular im Men\u00fc<\/strong><\/p>\n<div id=\"reponse_msg_1533760786927733801\" class=\"contact_form_response\">\n<ul><\/ul>\n<\/div>\n<form id=\"contact_form_1533760786927733801\" class=\"contact_form_wrapper\" method=\"post\" action=\"\/wp-admin\/admin-ajax.php\"><input type=\"hidden\" id=\"action\" name=\"action\" value=\"pp_contact_mailer\"\/><label for=\"your_name\">Name *<\/label><br \/>\n\t    \t\t\t\t<input id=\"your_name\" name=\"your_name\" type=\"text\" class=\"required_field\" placeholder=\"Name *\"\/><br \/>\n\t    \t\t\t\t<label for=\"email\">Email *<\/label><br \/>\n\t    \t\t\t\t<input id=\"email\" name=\"email\" type=\"text\" class=\"required_field email\" placeholder=\"Email *\"\/><br \/>\n\t    \t\t\t\t<label for=\"message\">Message *<\/label><br \/>\n\t    \t\t\t\t<textarea id=\"message\" name=\"message\" rows=\"7\" cols=\"10\" class=\"required_field\" style=\"width:95.5%;\" placeholder=\"Message *\"><\/textarea><\/p>\n<div class=\"contact_submit_wrapper\">\n\t    \t<input id=\"contact_submit_btn1533760786927733801\" name=\"contact_submit_btn1533760786927733801\" type=\"submit\" class=\"solidbg\" value=\"Send\"\/>\n\t    <\/div>\n<\/form>\n<\/div>\n<div class=\"one_half parallax_scroll_image last\" style=\"width:50%;\"><\/div>\n<p><br class=\"clear\"\/><\/div>\n<\/div>\n<\/div>\n<\/div>\n<div  class=\"one\" style=\"position:relative;padding:0px 0 0px 0;\" >\n<div class=\"standard_wrapper\">\n<div class=\"page_content_wrapper\">\n<div class=\"inner\">\n<div class=\"one_half parallax_scroll\" style=\"width:50%;position:absolute;left:90px;background:#fff;padding:0px;z-index:2;block !important;\" data-stellar-ratio=\"1.3\">\n<h2 class=\"ppb_title\" >Kontakt<\/h2>\n<div class=\"page_header_sep left\" ><\/div>\n<p>Telefon: +49 211 8 36 82 77<\/p>\n<p><strong>F\u00fcr Reservierungen, nutzen Sie bitte unser Reservierungsformular im Men\u00fc<\/strong><\/p>\n<div id=\"reponse_msg_15337607861263030930\" class=\"contact_form_response\">\n<ul><\/ul>\n<\/div>\n<form id=\"contact_form_15337607861263030930\" class=\"contact_form_wrapper\" method=\"post\" action=\"\/wp-admin\/admin-ajax.php\"><input type=\"hidden\" id=\"action\" name=\"action\" value=\"pp_contact_mailer\"\/><label for=\"your_name\">Name *<\/label><br \/>\n\t    \t\t\t\t<input id=\"your_name\" name=\"your_name\" type=\"text\" class=\"required_field\" placeholder=\"Name *\"\/><br \/>\n\t    \t\t\t\t<label for=\"email\">Email *<\/label><br \/>\n\t    \t\t\t\t<input id=\"email\" name=\"email\" type=\"text\" class=\"required_field email\" placeholder=\"Email *\"\/><br \/>\n\t    \t\t\t\t<label for=\"message\">Message *<\/label><br \/>\n\t    \t\t\t\t<textarea id=\"message\" name=\"message\" rows=\"7\" cols=\"10\" class=\"required_field\" style=\"width:95.5%;\" placeholder=\"Message *\"><\/textarea><\/p>\n<div class=\"contact_submit_wrapper\">\n\t    \t<input id=\"contact_submit_btn15337607861263030930\" name=\"contact_submit_btn15337607861263030930\" type=\"submit\" class=\"solidbg\" value=\"Send\"\/>\n\t    <\/div>\n<\/form>\n<\/div>\n<div class=\"one_half parallax_scroll_image last\" style=\"width:50%;\"><\/div>\n<p><br class=\"clear\"\/><\/div>\n<\/div>\n<\/div>\n<\/div>\n<div  class=\"one\" style=\"position:relative;padding:0px 0 0px 0;\" >\n<div class=\"standard_wrapper\">\n<div>\n<div class=\"inner\">\n<div class=\"parallax_scroll\" style=\"width:50%;position:absolute;left:90px;background:#fff;padding:0px;z-index:2;block !important;\" data-stellar-ratio=\"1.3\">\n<h2 class=\"ppb_title\" >Anfahrt<\/h2>\n<div class=\"page_header_sep left\" ><\/div>\n<p><strong>Zum goldenen Einhorn<\/strong><\/p>\n<p>Ratinger Str. 18<\/p>\n<p>40213 D\u00fcsseldorf<\/p>\n<p>Telefon: + 49 211\u00a0<span style=\"color: #222222;\">8 36 82 77<\/span><\/p>\n<p>E-Mail: info(at)einhorn-duesseldorf(punkt)de<\/p><\/div>\n<div class=\"parallax_scroll_image last\" id=\"map15337607862109560727\" style=\"width:50%;height:500px;float:right;\">\n<div class=\"map-marker\" ><\/div>\n<\/div>\n<p><br class=\"clear\"\/><\/div>\n<\/div>\n<\/div>\n<\/div>\n<div  class=\"one\" style=\"position:relative;padding:0px 0 0px 0;\" >\n<div class=\"standard_wrapper\">\n<div>\n<div class=\"inner\">\n<div class=\"parallax_scroll\" style=\"width:50%;position:absolute;left:90px;background:#fff;padding:0px;z-index:2;block !important;\" data-stellar-ratio=\"1.3\">\n<h2 class=\"ppb_title\" >Anfahrt<\/h2>\n<div class=\"page_header_sep left\" ><\/div>\n<p><strong>Zum goldenen Einhorn<\/strong><\/p>\n<p>Ratinger Str. 18<\/p>\n<p>40213 D\u00fcsseldorf<\/p>\n<p>Telefon: + 49 211\u00a0<span style=\"color: #222222;\">8 36 82 77<\/span><\/p>\n<p>E-Mail: info(at)einhorn-duesseldorf(punkt)de<\/p><\/div>\n<div class=\"parallax_scroll_image last\" id=\"map15337607861667836853\" style=\"width:50%;height:500px;float:right;\">\n<div class=\"map-marker\" ><\/div>\n<\/div>\n<p><br class=\"clear\"\/><\/div>\n<\/div>\n<\/div>\n<\/div>\n","protected":false},"excerpt":{"rendered":"<p>Liebe G\u00e4ste, herzlich Willkommen www.einhorn-duesseldorf.de Zum goldenen Einhorn LiebeG\u00e4ste Mitten im Zentrum der Ratinger Stra\u00dfe besticht das Traditionslokal \u201eEinhorn\u201c durch seinen unverwechselbaren Charme. Hier kann man (fast) rund um die Uhr die unterschiedlichsten Menschen antreffen. Beginnen kann man den Tag [&hellip;]<\/p>\n","protected":false},"author":1,"featured_media":0,"parent":0,"menu_order":0,"comment_status":"open","ping_status":"open","template":"","meta":{"footnotes":""},"class_list":["post-3698","page","type-page","status-publish","hentry"],"_links":{"self":[{"href":"https:\/\/einhorn-duesseldorf.de\/index.php\/wp-json\/wp\/v2\/pages\/3698","targetHints":{"allow":["GET"]}}],"collection":[{"href":"https:\/\/einhorn-duesseldorf.de\/index.php\/wp-json\/wp\/v2\/pages"}],"about":[{"href":"https:\/\/einhorn-duesseldorf.de\/index.php\/wp-json\/wp\/v2\/types\/page"}],"author":[{"embeddable":true,"href":"https:\/\/einhorn-duesseldorf.de\/index.php\/wp-json\/wp\/v2\/users\/1"}],"replies":[{"embeddable":true,"href":"https:\/\/einhorn-duesseldorf.de\/index.php\/wp-json\/wp\/v2\/comments?post=3698"}],"version-history":[{"count":173,"href":"https:\/\/einhorn-duesseldorf.de\/index.php\/wp-json\/wp\/v2\/pages\/3698\/revisions"}],"predecessor-version":[{"id":4513,"href":"https:\/\/einhorn-duesseldorf.de\/index.php\/wp-json\/wp\/v2\/pages\/3698\/revisions\/4513"}],"wp:attachment":[{"href":"https:\/\/einhorn-duesseldorf.de\/index.php\/wp-json\/wp\/v2\/media?parent=3698"}],"curies":[{"name":"wp","href":"https:\/\/api.w.org\/{rel}","templated":true}]}}